- -4. Suppose c - 142 = w, 4*c - a*w - w = 565. Is c composite?
True
Let d = 1649 - -2064. Is d a composite number?
True
Suppose d + d = 30. Let n be 81/6*(-20)/d. Is (6564/n)/((-6)/9) prime?
True
Suppose 0 = 126*s - 131*s + 119585. Is s prime?
True
Let c(b) = b + 12. Let p be c(-3). Let r(f) = f**2 + 8*f - 4. Is r(p) a prime number?
True
Let s(i) = -7*i**2 + 4*i + 5. Let y be s(5). Let k = y + 253. Is k a prime number?
True
Suppose 0 = -2*v + 3*v - 5*d + 25, -4*d + 12 = 0. Let i be (0 - 0)/(9 + v). Suppose -3*l = -9 - i. Is l a prime number?
True
Suppose 43 + 59 = -3*t. Is t/(4/(-6) - 0) a composite number?
True
Is 4/(-7) - 560599/(-203) a prime number?
False
Suppose -50548 = -2*u + x, -3*u + 3*x - 50540 = -5*u. Is u a composite number?
True
Let g = -1341 + 2780. Is g prime?
True
Suppose -8*t + 3*t = -55. Suppose -417 = -12*g + t*g. Suppose 4*c = -3*z + 368, z - g = -4*c - 57. Is c a prime number?
True
Suppose 5*v - 12442 = 19223. Let s be 1 - (1 + 0 - v). Is s/13 + (-10)/65 prime?
True
Let p(b) = -96*b - 181. Is p(-8) a composite number?
False
Let a = 82 - 76. Suppose -a*p = 27 - 417. Is p composite?
True
Let m = 31 - -571. Suppose 0 = 2*i - 3*i + m. Suppose 608 = 2*l - k, -k = 2*l + k - i. Is l a composite number?
True
Is 2 - (764/(-2) - -5) prime?
True
Suppose -9 = 18*n - 17*n. Let d(r) = -r**3 + 3*r**2 - 4. Let c be d(-5). Let t = n + c. Is t a prime number?
False
Let h(t) = 0 + 2*t - 4 + 0. Let v be h(3). Is 235 + 2*-2 + v prime?
True
Suppose 3*n - 2*n - 5 = 0. Suppose -2*z + 290 = 3*k - 215, -n*z = 2*k - 1279. Is z a composite number?
False
Suppose -5*w = -4*f + 114715, 0 = -6*f + 10*f + 4*w - 114760. Is f a composite number?
True
Let p = 13771 - 2972. Is p a composite number?
False
Let f = 3729 + -2305. Suppose f = 2*h + 430. Is h a prime number?
False
Let g be ((-270)/(-63))/((-2)/(-238)). Suppose -7*m + g = -2*m. Suppose i - 5*i - 2*a = -378, -m = -i - 3*a. Is i prime?
False
Let l(k) = 1392*k - 937. Is l(20) prime?
True
Let s(x) = -37*x**2 + 17*x - 2. Let k be s(13). Let a = -4301 - k. Is a a composite number?
False
Let v(d) = d**3 + 7*d**2 + 7*d + 4. Let w be v(-6). Let j be (-2 + 14)*(-9 - w). Is ((-38)/(-8))/((-7)/j) prime?
False
Suppose -2*b - 3*k + 8390 = 0, k + 12607 = 2*b + b. Is b prime?
True
Let v(f) = 606*f**3 + f**2 + 2*f - 2. Let g be v(1). Suppose -5*l - u + g = 0, 0 = -5*l - 6*u + u + 615. Is l a composite number?
True
Let l(j) = 7714*j + 823. Is l(17) a composite number?
True
Suppose -7*d + 2*d + 40 = 0. Suppose n - 3*i = d, 10 = 3*n - 6*i + 4*i. Suppose n*t + 14 = 92. Is t a composite number?
True
Suppose 4*h = -2530 - 1038. Is -1*h*1/2 a composite number?
True
Let x(h) = h**2 + 8*h - 200. Is x(15) composite?
True
Suppose -15 = 5*z, 2*k + z = -0*k + 11397. Suppose 4*m = -652 + k. Is m composite?
True
Let d(u) = -322*u - 2. Let p be d(-2). Suppose 4*g - p = -86. Is g a composite number?
False
Let o be (-17)/(-4) + (-7)/28. Suppose 3 = -o*c - 17, 455 = w - c. Suppose 2*r = -28 + w. Is r a prime number?
True
Let r be -2 + (2 - -25) + 4. Let t(l) = 15 - l - r + 141. Is t(0) a prime number?
True
Let k = -6190 - -13473. Is k a composite number?
False
Let n = 3267 + 65462. Is n composite?
False
Let k = -3 - -5. Suppose 5*l = -2*t + 734, -k*l + 4*t + 311 = -t. Suppose -q - l = -f, -4*q = 2*f - 0*q - 266. Is f prime?
False
Let o(m) be the third derivative of 11*m**5/15 - 5*m**4/12 + 2*m**3 + 39*m**2. Is o(7) a composite number?
True
Let g(j) = j**3 + 5. Let y be g(0). Suppose -2*x - 2*o = -4*x - 8, y*x - o + 4 = 0. Suppose 2*k = -x*k + 422. Is k composite?
False
Let m = -45005 + 78796. Is m a composite number?
False
Let b = -1 + 1. Suppose 2*o + b = -3*z - 1, -5*o = 5*z + 10. Suppose z*x - 535 = -0*v - 2*v, 0 = 3*v - x - 786. Is v a composite number?
False
Let h be 555 - (-9 + 4 - -3). Suppose a + h = 2*a. Suppose 5*m + a = s, 0 = -0*s - 2*s - m + 1114. Is s composite?
False
Is (-1)/2 - (-1486657)/94 a prime number?
False
Let y be -1130*(1/(-2) + 0). Let w(l) = -15*l**3 - 6*l**2 - 2*l - 1. Let n be w(-3). Let k = y - n. Is k a composite number?
True
Is ((-2418)/9)/(8/(-6))*2 composite?
True
Suppose 4*v = -3*w + 7363 + 40354, 5*v + 3*w - 59644 = 0. Is v a prime number?
True
Let y be (-4)/6*(-39 - 0). Suppose -y - 24 = 5*i. Let l(x) = 4*x**2 - x - 3. Is l(i) composite?
True
Suppose 0 = 2*h - 3005 - 1921. Is h a prime number?
False
Suppose 2*a + 1065 = -3*c + 5092, 0 = 5*a - 4*c - 10102. Is a a composite number?
True
Is 5*29613/15 - 8 composite?
True
Suppose -13*j = -734 + 19. Is j composite?
True
Suppose 5*n + 2*u = -74, u + 4 = 5*n + 72. Let c(y) = -179*y + 15. Is c(n) a composite number?
False
Suppose -4*m = -3*c + 4745, -5*m + m = 8. Is c composite?
False
Suppose 0 = -75*t - 824425 + 2524150. Is t a composite number?
True
Suppose -3*q - 18 = 45. Let v = q + 3. Let s = v + 235. Is s a prime number?
False
Suppose -469*o = -476*o + 4837. Is o a prime number?
True
Let j be (-18)/(-4) + 27/(-18). Suppose -j*w = -0*w - 162. Suppose 0 = 5*c + w - 169. Is c a prime number?
True
Suppose 7*r = 2*r + 105. Suppose -3*f + r + 3 = 3*v, -2*v - 8 = -4*f. Suppose f*x = 291 + 273. Is x a composite number?
True
Suppose 0 = -5*h + 3*q + 3, 4*h + q + 4*q = 32. Let s be (360 - 2)*h/6. Let t = s + 56. Is t a composite number?
True
Is 7/14*(9238 + 4) a composite number?
False
Let k be 5/(-2)*4/(-2). Suppose -438 = -3*l + k*z, 84 = l - 2*z - 62. Suppose -d = -153 - l. Is d prime?
False
Suppose 0*x = 3*x - 4*l - 1034, -x + 4*l + 358 = 0. Suppose -5*t = -x - 717. Is t a composite number?
False
Let h(f) = 19*f**2 + 136*f - 17. Is h(-38) a composite number?
True
Let t(h) = 324*h**2 + 73*h - 608. Is t(9) a composite number?
False
Let k(i) = 7*i**3 + 3*i**2 - 4*i + 9. Is k(4) composite?
True
Let z(r) = -121*r**3 + 16*r**2 + 53*r + 23. Is z(-9) a composite number?
False
Is 7 + 2754 - (6 + 2/(-1)) composite?
True
Let j(c) = -2*c**3 - 13*c**2 - 12*c. Let h be j(-8). Suppose 0 = 2*r - 1094 + h. Is r a composite number?
True
Let x(s) = 32*s**2 + 2*s + 1. Suppose 9*d - 4*d = -5. Let j be x(d). Suppose -5*g = 4*h - 390, 4*h + 3*g - 417 = -j. Is h a composite number?
True
Let g = 329 - -3534. Is g a prime number?
True
Let y be (118/(-3))/((-8)/(-12)). Let t be (0 - -1)/((-1)/y). Is 3/12 - t/(-4) composite?
True
Let b(q) = -38*q + 114. Let h be b(3). Let a(c) = 11 - c**3 + 28 - 6. Is a(h) a composite number?
True
Let k(v) = -302*v - 8. Let s be k(-2). Let q = s + 89. Is q prime?
False
Let x(z) be the third derivative of -z**5/60 - z**4/4 - z**3/2 + 2*z**2. Let k be x(-5). Suppose k*v = 146 + 276. Is v a composite number?
False
Suppose -4*h - 2*r + 368 = 0, -188 = 3*h - 5*h + r. Suppose -5*x + h = -392. Is x a prime number?
True
Let u(k) = -3*k**2 - 13*k - 7. Let j be u(-13). Let o = -40 - j. Is o a composite number?
True
Let k = -292 + 162. Suppose 2*s - 612 + 110 = 0. Let v = s + k. Is v a composite number?
True
Suppose -1296 = 14*c - 204. Let g = 563 + c. Is g composite?
True
Let g be -9*(4/18 + (-20)/36). Suppose 3*o = 2*f + 8, g + 8 = 4*o - 3*f. Is o prime?
True
Suppose 3*c = -3*h + 195732, 3*c + 23*h - 195737 = 19*h. Is c composite?
False
Suppose -3*i + 1599 = -705. Suppose 4*d = i + 3404. Is d prime?
False
Suppose -4*p - 1583 = -4019. Suppose -4*f + p = -f. Is f a prime number?
False
Suppose -13*q = -2*q - 4895. Suppose 0 = c - 2*c + 4*h + q, -c = -2*h - 447. Is c a composite number?
False
Suppose 72*f = 67*f + 7675. Is f composite?
True
Let c = 354 + 1677. Is c composite?
True
Let g = 1211 + 13531. Let v = 21649 - g. Is v prime?
True
Let o = 18367 + -11012. Is o prime?
False
Suppose 2*n + 0 - 10 = 0. Suppose -15 = 2*i - n*i. Suppose i*g - 3*g = 2, -2*z + 2*g + 16 = 0. Is z prime?
False
Let h(w) = -w**3 - 20*w**2 + 54*w - 34. Is h(-39) a composite number?
False
Let h(w) = -21*w**3 + w**2 - 3*w + 9. Is h(-4) prime?
True
Suppose -2*r + 3*q + 8987 = 0, -3*r - 2*q + 4511 = -2*r. Suppose -r = -3*z + 4388. Is z a prime number?
True
Let l = -3733 + 2444. Let a = 2440 + l. Is a prime?
True
Suppose -j = -5*h + 3 + 3, 2*h + 3 = -5*j. Is (326/4)/(h/14) composite?
True
Let v be (10/4)/(4/8). Suppose v*f - 3339 - 1386 = 0. Let u = 1384 - f. Is u prime?
True
Let v(u) = 3*u + 8. Let x be v(-4). Let f be x/6 + 386/(-6). Let i = -6 - f. Is i prime?
True
Suppose -375 + 70